sor of 30 and x?
6
Suppose 3*p = 2*p + 3*m + 33, -36 = -p + 2*m. What is the greatest common divisor of p and 14?
14
Suppose -w = r - 8 - 1, 0 = r + 2*w - 9. Suppose 135 = 2*f - 9. Suppose 4*b = 2*b + f. Calculate the highest common divisor of r and b.
9
Let s be 4/(0 - -4) - -2. What is the highest common factor of 21 and s?
3
Let p(j) = -j**2 + 6*j + 5. Let a be p(7). Let m be 35 + a/(-3)*3. Let y = m + 62. What is the highest common divisor of 9 and y?
9
Suppose b + 3*n = 3*b - 22, -4*b - 2*n + 12 = 0. Suppose 5*r + 2*o = 19, b*r + 3*o - 24 + 8 = 0. Calculate the greatest common factor of 15 and r.
5
Let y(b) = 2*b + 1. Let h be y(10). What is the greatest common factor of 294 and h?
21
Let u(b) = b. Let m be u(-5). Let s = 6 - m. Let x be (-2)/(1 - -1)*-121. Calculate the greatest common divisor of x and s.
11
Suppose -2*b - 3*b - 2*k - 35 = 0, -3*b = 4*k + 35. Let n be (-118)/(-4) + b/(-10). Calculate the greatest common divisor of 10 and n.
10
Let k be 0 - 239 - (-11 + 8). Let z be 1 + 2/((-8)/k). Calculate the greatest common factor of z and 90.
30
Let g(c) = 9*c - 28. Let t be g(12). Calculate the greatest common factor of 16 and t.
16
Let l = 44 - 12. Suppose 3*r - 13 - 8 = 3*y, 0 = -3*r - 3*y + 27. Suppose 13*k = r*k + 400. Calculate the highest common factor of k and l.
16
Let l be 0 - ((-1 - -2) + -16). What is the greatest common divisor of 12 and l?
3
Let z = 14 + -9. Let h(q) be the second derivative of q**4/6 + q**3/3 + q**2/2 - q. Let d be h(-2). What is the highest common divisor of d and z?
5
Let p be 4940/30 - (4/(-3) + 1). What is the highest common divisor of p and 15?
15
Let w(o) = 5*o**2 + 3*o - 5. Let g be w(3). Calculate the greatest common factor of g and 7.
7
Suppose k + 4 = -0*k. Let w(x) = x**3 + 6*x**2 + 7*x + 4. Let c be w(k). What is the greatest common divisor of c and 20?
4
Let n(f) = f**2 + f - 1. Let a be (-1 - 6/(-4))*0. Let u be n(a). Let b be -1 + (2 + 0 - u). What is the greatest common divisor of 2 and b?
2
Suppose 4*c - 59 = 3*w - 2*w, -2*w - 5*c = 66. Let x = -29 - w. Calculate the greatest common divisor of x and 56.
14
Suppose -7*o = -941 + 31. What is the greatest common divisor of o and 26?
26
Let c = -21 + 12. Let l(n) be the second derivative of -n**3/3 - n**2 - 5*n. Let s be l(c). Calculate the highest common divisor of s and 4.
4
Let x(p) = p**2 + 8*p + 9. Let j be x(-7). Let w be (1/(-2)*j)/(-1). Let r be 4 - 4*(-3)/(-12). What is the highest common factor of w and r?
1
Let p(u) = u + 38. Let t be p(-4). What is the greatest common divisor of t and 17?
17
Let j(b) = 41*b**2 - 2*b - 1. Let t be j(-1). Let h(a) = 6*a**2 + 1. Let y be h(1). Suppose 0 = -3*d + 35 + y. Calculate the greatest common divisor of d and t.
14
Let h(x) = -x**3 + 7*x**2 - 5*x + 4. Let o be h(6). Calculate the highest common divisor of o and 90.
10
Suppose -h + 71 = 3*t, 3*h + 0*t + 4*t = 223. Calculate the highest common divisor of 33 and h.
11
Let m be ((-3)/(-2))/((-4)/(-8)). Suppose -2*h = 3*l + 2*l - 710, m*l = -3*h + 417. What is the greatest common factor of 18 and l?
18
Suppose 0 = 4*y - 4*l, 0 = 2*y - 4*l + l. Let n be (-5)/(1 + y/(-2)). Let s be (36/(-15) + 0)*n. Calculate the highest common divisor of 12 and s.
12
Let o(s) = s**3 - s**2 - 3*s - 2. Let t be o(3). Suppose 0 = 4*f - 332 + 108. What is the greatest common divisor of t and f?
7
Let z(f) = 7*f - 14. Let b be z(12). Calculate the greatest common divisor of 10 and b.
10
Let q = 13 + 21. What is the highest common factor of 2 and q?
2
Let g(k) = k**2 - 11*k + 28. Let m be g(16). What is the greatest common factor of 36 and m?
36
Suppose -n + 2 = h, 4*n + 29 = n + 4*h. Let v be n + -3 + (2 - -3). Let l be (-17)/((-2)/(-18)*v). Calculate the greatest common factor of l and 17.
17
Let w = 10 - 1. Let l be -1 + -2 + 16/2. Let c be (l - -1)*6/4. What is the greatest common divisor of c and w?
9
Let n = 48 + 4. Suppose -5*r + 31 = 2*f, f - 2*r - 15 = -4*r. Calculate the highest common divisor of n and f.
13
Let o(v) = -v**2 - 10*v - 9. Let m be o(-5). Calculate the highest common divisor of m and 4.
4
Let h(p) = p**3 - 6*p**2 + 2*p - 9. Let i be h(6). Suppose 2*a - i*a = -2. Calculate the highest common divisor of 8 and a.
2
Suppose -4*t = t - 60. Let s = -22 - -25. What is the highest common divisor of s and t?
3
Suppose 3*x = -4*q + 11 + 17, -5*q + 5*x = -35. Let g = 119 - 71. Let m = 97 - g. What is the greatest common factor of q and m?
7
Let s = 8 - -2. Let c be (-1 + 0)*s/(-2). Suppose 7*h - 10 = 5*h. Calculate the highest common factor of h and c.
5
Let y(l) = 3*l**2 - 9*l + 1. Suppose -6 = -3*x + 2*x - g, 4*g = -3*x + 17. Let u be y(x). What is the greatest common divisor of u and 34?
17
Let j(f) = f**2 + f + 10. Let h be j(-6). Calculate the greatest common divisor of 16 and h.
8
Suppose -f = -2*w + 3*w - 4, 4*w - 2 = 3*f. What is the greatest common factor of f and 5?
1
Suppose 5*m - 1027 + 32 = -5*d, 3*m - 565 = 5*d. Calculate the greatest common divisor of m and 15.
15
Suppose r + 5*z - 33 = 0, -2*z = 2*r + 3*z - 46. What is the greatest common divisor of 39 and r?
13
Let q(x) = -x - 5. Let c be q(-5). Let y(n) = -n**2 - n + 50. Let j be y(c). Suppose -1 = -5*a + 49. Calculate the greatest common factor of j and a.
10
Let n be 3/9*0 + 4. Suppose -y = n*o + 2*y - 144, 3*o - 5*y = 108. What is the highest common factor of 12 and o?
12
Let u = -23 + 35. Calculate the greatest common divisor of u and 66.
6
Let k = -13 - -30. Suppose -80 = -3*x + 22. Calculate the greatest common factor of k and x.
17
Suppose 4*x - 5*s - 36 = 0, 0*s = x + s. Let c = -4 + 5. Calculate the highest common divisor of x and c.
1
Let d = -3 + 3. Let a(c) = -3*c - c**3 + 1 + d*c - 3*c**2 - 3. Let y be a(-3). What is the greatest common divisor of y and 49?
7
Let v = 108 + -60. Calculate the highest common factor of 12 and v.
12
Suppose 0 = 3*i - 52 - 23. What is the highest common factor of i and 75?
25
Suppose -2*q + 17 = -5*k, 4*k + 19 = 4*q - 9. Suppose -2*d + q*d = 0. Suppose d*p - 3*p = -72. Calculate the greatest common factor of p and 3.
3
Let d(o) = -20*o - 3. Let w be d(-2). Calculate the greatest common divisor of w and 259.
37
Let x = -5 - 1. Let i be x/21*(0 + -7). Suppose -3*z - i*z = -720. Calculate the highest common factor of z and 16.
16
Suppose 8*r = 11*r - 12. What is the highest common factor of 32 and r?
4
Suppose -2*u - 3*k = -98, 0 = -2*u - 3*k - 2*k + 106. What is the highest common divisor of u and 215?
43
Let p be (-2)/5 + (-1806)/(-15). Suppose -2*d - 4*g = p, 5*d + 0*g - 5*g + 225 = 0. Let l = 92 + d. Calculate the highest common factor of 7 and l.
7
Suppose 35 = 3*h + 4*z, -z - 20 = -4*h - 5. Suppose 0 = h*i + 3*g - 135, 3*i - 3*g - 115 = 2*g. What is the greatest common factor of i and 10?
10
Let a be 111/21 + (-4)/14. Suppose p - 13 = -4*m, 3*p + a - 55 = -m. Calculate the highest common factor of p and 17.
17
Let v = -46 - -66. Suppose l = -3 + v. Let x(s) = s**2 + 17. Let m be x(0). Calculate the highest common factor of l and m.
17
Let h = 112 + -62. Calculate the greatest common factor of h and 20.
10
Let i(a) = -2*a - 3. Let q be i(-2). What is the greatest common factor of q and 9?
1
Suppose -1 = t - 3. Suppose t*y + 0*y + 30 = 2*r, -3*y - 15 = -r. What is the highest common factor of 165 and r?
15
Let m = -14 + 36. Calculate the highest common divisor of 242 and m.
22
Suppose 2*q - 291 = -93. Let j be (-4)/(-3 - -7) + 4. Let l be j + -6 - 2*-7. Calculate the greatest common divisor of q and l.
11
Let r = 21 + 18. Calculate the highest common divisor of r and 26.
13
Suppose -5*s + 197 = -4*s. Let n = s - 97. Let a = n + 12. Calculate the greatest common factor of a and 14.
14
Let f(a) = -2*a**2 - 4*a - 6. Let j be f(-5). Let z = 54 + j. What is the highest common factor of 18 and z?
18
Suppose 2*b - 5*n - 50 = 0, 3*n - 86 = -4*b + 6*n. Calculate the highest common factor of 25 and b.
5
Let h be (-425)/4 - (-3)/12. Let f = h - -276. Suppose -3*i - 5*o + f = -i, i - 4*o = 59. Calculate the greatest common divisor of i and 15.
15
Suppose -7*r + 2*r + 2*x = -13, 2*x + 10 = 4*r. Suppose 17 - 119 = -5*p + 2*m, r*m + 63 = 3*p. Calculate the greatest common divisor of p and 100.
20
Let v be -10*((-17)/(-5) - 3). Let g be -1*2/(v/10). Calcula